{"id":1294,"date":"2026-09-01T18:02:29","date_gmt":"2026-09-01T16:02:29","guid":{"rendered":"https:\/\/campermax.websmwinner.com\/?post_type=vehiculo&#038;p=1294"},"modified":"2026-09-02T00:48:15","modified_gmt":"2026-09-01T22:48:15","slug":"benimar-tessoro-496-170cv","status":"publish","type":"vehiculo","link":"https:\/\/campermax.websmwinner.com\/de\/vehiculo\/benimar-tessoro-496-170cv\/","title":{"rendered":"BENIMAR TESSORO 496 170CV"},"content":{"rendered":"<p class=\"wp-block-paragraph\">BENIMAR TESSORO 496 170CV<\/p>\n\n\n\n<p class=\"wp-block-paragraph\">Autocaravana perfilada Benimar Tessoro 496 matriculada en febrero de 2020, equipada con motor Ford di\u00e9sel de 170 CV y cambio manual de seis velocidades. Cuenta con solamente 16.000 km y est\u00e1 homologada para que viajen y duerman cinco personas.<\/p>\n\n\n\n<p class=\"wp-block-paragraph\">Con 7,43 metros de longitud y 2,31 metros de anchura, ofrece un interior amplio y confortable. Su distribuci\u00f3n incluye cama en isla, cama suspendida sobre el comedor, asientos delanteros giratorios, comedor con mesa plegable, cocina de tres fuegos, frigor\u00edfico con congelador y ba\u00f1o con ducha independiente.<\/p>\n\n\n\n<p class=\"wp-block-paragraph\">Est\u00e1 equipada con dos placas solares, dos bater\u00edas auxiliares AGM, inversor de corriente, aireador Viesa, suspensi\u00f3n neum\u00e1tica trasera, calefacci\u00f3n estacionaria Webasto y un garaje regulable en altura.<\/p>\n\n\n\n<p class=\"wp-block-paragraph\">PRECIO Y FINANCIAMIENTO<\/p>\n\n\n\n<p class=\"wp-block-paragraph\">Precio financiado: 59.900 \u20ac<br>Precio al contado: 59.900 \u20ac<br>Financiaci\u00f3n disponible desde 645,84 \u20ac\/mes.<\/p>\n\n\n\n<p class=\"wp-block-paragraph\">CONDICIONES DE VENTA<\/p>\n\n\n\n<p class=\"wp-block-paragraph\">\u00bfCompras desde otra isla? Te recibimos en el aeropuerto y te llevamos directamente hasta tu nuevo coche o autocaravana.<\/p>\n\n\n\n<p class=\"wp-block-paragraph\">Wir liefern nicht nach Festlandspanien.<\/p>\n\n\n\n<p class=\"wp-block-paragraph\">Veh\u00edculo canario procedente de particular.<\/p>\n\n\n\n<p class=\"wp-block-paragraph\">El veh\u00edculo se entrega revisado y con su equipamiento real, salvo error tipogr\u00e1fico.<\/p>","protected":false},"excerpt":{"rendered":"<p>Autocaravana perfilada Benimar Tessoro 496 de 170 CV, matriculada en febrero de 2020 y con solamente 16.000 km. Viajan y duermen cinco personas. Equipada con cama en isla, dos placas solares, aireador Viesa y amplio garaje. Financiaci\u00f3n disponible desde 645,84 \u20ac\/mes.<\/p>","protected":false},"featured_media":1295,"template":"","marca":[32],"tipo_vehiculo":[29],"combustible":[21],"transmision":[22],"estado_vehiculo":[23],"ubicacion_vehiculo":[30],"seccion-vehiculo":[45,44],"class_list":["post-1294","vehiculo","type-vehiculo","status-publish","has-post-thumbnail","hentry","marca-benimar","tipo_vehiculo-perfilada","combustible-diesel","transmision-manual","estado_vehiculo-disponible","ubicacion_vehiculo-las-palmas-de-gran-canaria","seccion-vehiculo-campermax-ocasion","seccion-vehiculo-en-venta"],"acf":[],"_links":{"self":[{"href":"https:\/\/campermax.websmwinner.com\/de\/wp-json\/wp\/v2\/vehiculo\/1294","targetHints":{"allow":["GET"]}}],"collection":[{"href":"https:\/\/campermax.websmwinner.com\/de\/wp-json\/wp\/v2\/vehiculo"}],"about":[{"href":"https:\/\/campermax.websmwinner.com\/de\/wp-json\/wp\/v2\/types\/vehiculo"}],"version-history":[{"count":1,"href":"https:\/\/campermax.websmwinner.com\/de\/wp-json\/wp\/v2\/vehiculo\/1294\/revisions"}],"predecessor-version":[{"id":1351,"href":"https:\/\/campermax.websmwinner.com\/de\/wp-json\/wp\/v2\/vehiculo\/1294\/revisions\/1351"}],"wp:featuredmedia":[{"embeddable":true,"href":"https:\/\/campermax.websmwinner.com\/de\/wp-json\/wp\/v2\/media\/1295"}],"wp:attachment":[{"href":"https:\/\/campermax.websmwinner.com\/de\/wp-json\/wp\/v2\/media?parent=1294"}],"wp:term":[{"taxonomy":"marca","embeddable":true,"href":"https:\/\/campermax.websmwinner.com\/de\/wp-json\/wp\/v2\/marca?post=1294"},{"taxonomy":"tipo_vehiculo","embeddable":true,"href":"https:\/\/campermax.websmwinner.com\/de\/wp-json\/wp\/v2\/tipo_vehiculo?post=1294"},{"taxonomy":"combustible","embeddable":true,"href":"https:\/\/campermax.websmwinner.com\/de\/wp-json\/wp\/v2\/combustible?post=1294"},{"taxonomy":"transmision","embeddable":true,"href":"https:\/\/campermax.websmwinner.com\/de\/wp-json\/wp\/v2\/transmision?post=1294"},{"taxonomy":"estado_vehiculo","embeddable":true,"href":"https:\/\/campermax.websmwinner.com\/de\/wp-json\/wp\/v2\/estado_vehiculo?post=1294"},{"taxonomy":"ubicacion_vehiculo","embeddable":true,"href":"https:\/\/campermax.websmwinner.com\/de\/wp-json\/wp\/v2\/ubicacion_vehiculo?post=1294"},{"taxonomy":"seccion-vehiculo","embeddable":true,"href":"https:\/\/campermax.websmwinner.com\/de\/wp-json\/wp\/v2\/seccion-vehiculo?post=1294"}],"curies":[{"name":"wp","href":"https:\/\/api.w.org\/{rel}","templated":true}]}}

<p class="wp-block-paragraph">BENIMAR TESSORO 496 170CV</p>



<p class="wp-block-paragraph">Autocaravana perfilada Benimar Tessoro 496 matriculada en febrero de 2020, equipada con motor Ford diésel de 170 CV y cambio manual de seis velocidades. Cuenta con solamente 16.000 km y está homologada para que viajen y duerman cinco personas.</p>



<p class="wp-block-paragraph">Con 7,43 metros de longitud y 2,31 metros de anchura, ofrece un interior amplio y confortable. Su distribución incluye cama en isla, cama suspendida sobre el comedor, asientos delanteros giratorios, comedor con mesa plegable, cocina de tres fuegos, frigorífico con congelador y baño con ducha independiente.</p>



<p class="wp-block-paragraph">Está equipada con dos placas solares, dos baterías auxiliares AGM, inversor de corriente, aireador Viesa, suspensión neumática trasera, calefacción estacionaria Webasto y un garaje regulable en altura.</p>



<p class="wp-block-paragraph">PRECIO Y FINANCIAMIENTO</p>



<p class="wp-block-paragraph">Precio financiado: 59.900 €<br>Precio al contado: 59.900 €<br>Financiación disponible desde 645,84 €/mes.</p>



<p class="wp-block-paragraph">CONDICIONES DE VENTA</p>



<p class="wp-block-paragraph">¿Compras desde otra isla? Te recibimos en el aeropuerto y te llevamos directamente hasta tu nuevo coche o autocaravana.</p>



<p class="wp-block-paragraph">Wir liefern nicht nach Festlandspanien.</p>



<p class="wp-block-paragraph">Vehículo canario procedente de particular.</p>



<p class="wp-block-paragraph">El vehículo se entrega revisado y con su equipamiento real, salvo error tipográfico.</p>

<p>Autocaravana perfilada Benimar Tessoro 496 de 170 CV, matriculada en febrero de 2020 y con solamente 16.000 km. Viajan y duermen cinco personas. Equipada con cama en isla, dos placas solares, aireador Viesa y amplio garaje. Financiación disponible desde 645,84 €/mes.</p>
