{"id":1251,"date":"2026-09-01T17:42:58","date_gmt":"2026-09-01T15:42:58","guid":{"rendered":"https:\/\/campermax.websmwinner.com\/?post_type=vehiculo&#038;p=1251"},"modified":"2026-09-02T00:44:02","modified_gmt":"2026-09-01T22:44:02","slug":"carado-t348-130cv","status":"publish","type":"vehiculo","link":"https:\/\/campermax.websmwinner.com\/it\/vehiculo\/carado-t348-130cv\/","title":{"rendered":"CARADO T348 130CV"},"content":{"rendered":"<p class=\"wp-block-paragraph\">CARADO T348 130CV<\/p>\n\n\n\n<p class=\"wp-block-paragraph\">Autocaravana perfilada Carado T348 matriculada en mayo de 2011, equipada con motor di\u00e9sel de 130 CV y cambio manual. Cuenta con 75.000 km y est\u00e1 homologada para que viajen y duerman cuatro personas.<\/p>\n\n\n\n<p class=\"wp-block-paragraph\">Con 6,93 metros de longitud y 2,33 metros de anchura, ofrece una distribuci\u00f3n interior funcional y confortable. Dispone de cama francesa, cama suspendida sobre el comedor, asientos delanteros giratorios, comedor con mesa plegable, cocina, frigor\u00edfico con congelador y ba\u00f1o con ducha interior.<\/p>\n\n\n\n<p class=\"wp-block-paragraph\">Tambi\u00e9n cuenta con placa solar de 200 W, bater\u00eda auxiliar AGM, ventilador MaxxFan en el dormitorio, calefacci\u00f3n Truma, agua caliente, c\u00e1mara trasera, portabicicletas y toldo Thule.<\/p>\n\n\n\n<p class=\"wp-block-paragraph\">El kit de distribuci\u00f3n fue sustituido en 2023, cuando el veh\u00edculo ten\u00eda 60.000 km.<\/p>\n\n\n\n<p class=\"wp-block-paragraph\">PRECIO Y FINANCIAMIENTO<\/p>\n\n\n\n<p class=\"wp-block-paragraph\">Precio financiado: 49.900 \u20ac<br>Precio al contado: 49.900 \u20ac<\/p>\n\n\n\n<p class=\"wp-block-paragraph\">Aportando una entrada de 9.900 \u20ac, puedes financiar los 40.000 \u20ac restantes desde 637,09 \u20ac\/mes.<\/p>\n\n\n\n<p class=\"wp-block-paragraph\">CONDICIONES DE VENTA<\/p>\n\n\n\n<p class=\"wp-block-paragraph\">\u00bfCompras desde otra isla? Te recibimos en el aeropuerto y te llevamos directamente hasta tu nuevo coche o autocaravana.<\/p>\n\n\n\n<p class=\"wp-block-paragraph\">Non effettuiamo vendite nella Spagna continentale.<\/p>\n\n\n\n<p class=\"wp-block-paragraph\">El veh\u00edculo se entrega revisado y con su equipamiento real, salvo error tipogr\u00e1fico.<\/p>","protected":false},"excerpt":{"rendered":"<p>Autocaravana perfilada Carado T348 de 130 CV, matriculada en mayo de 2011 y con 75.000 km. Viajan y duermen cuatro personas. Equipada con cama francesa, cama suspendida, placa solar y completo equipamiento. Disponible desde 637,09 \u20ac\/mes aportando una entrada de 9.900 \u20ac.<\/p>","protected":false},"featured_media":1252,"template":"","marca":[31],"tipo_vehiculo":[29],"combustible":[21],"transmision":[22],"estado_vehiculo":[23],"ubicacion_vehiculo":[30],"seccion-vehiculo":[44],"class_list":["post-1251","vehiculo","type-vehiculo","status-publish","has-post-thumbnail","hentry","marca-carado","tipo_vehiculo-perfilada","combustible-diesel","transmision-manual","estado_vehiculo-disponible","ubicacion_vehiculo-las-palmas-de-gran-canaria","seccion-vehiculo-en-venta"],"acf":[],"_links":{"self":[{"href":"https:\/\/campermax.websmwinner.com\/it\/wp-json\/wp\/v2\/vehiculo\/1251","targetHints":{"allow":["GET"]}}],"collection":[{"href":"https:\/\/campermax.websmwinner.com\/it\/wp-json\/wp\/v2\/vehiculo"}],"about":[{"href":"https:\/\/campermax.websmwinner.com\/it\/wp-json\/wp\/v2\/types\/vehiculo"}],"version-history":[{"count":1,"href":"https:\/\/campermax.websmwinner.com\/it\/wp-json\/wp\/v2\/vehiculo\/1251\/revisions"}],"predecessor-version":[{"id":1293,"href":"https:\/\/campermax.websmwinner.com\/it\/wp-json\/wp\/v2\/vehiculo\/1251\/revisions\/1293"}],"wp:featuredmedia":[{"embeddable":true,"href":"https:\/\/campermax.websmwinner.com\/it\/wp-json\/wp\/v2\/media\/1252"}],"wp:attachment":[{"href":"https:\/\/campermax.websmwinner.com\/it\/wp-json\/wp\/v2\/media?parent=1251"}],"wp:term":[{"taxonomy":"marca","embeddable":true,"href":"https:\/\/campermax.websmwinner.com\/it\/wp-json\/wp\/v2\/marca?post=1251"},{"taxonomy":"tipo_vehiculo","embeddable":true,"href":"https:\/\/campermax.websmwinner.com\/it\/wp-json\/wp\/v2\/tipo_vehiculo?post=1251"},{"taxonomy":"combustible","embeddable":true,"href":"https:\/\/campermax.websmwinner.com\/it\/wp-json\/wp\/v2\/combustible?post=1251"},{"taxonomy":"transmision","embeddable":true,"href":"https:\/\/campermax.websmwinner.com\/it\/wp-json\/wp\/v2\/transmision?post=1251"},{"taxonomy":"estado_vehiculo","embeddable":true,"href":"https:\/\/campermax.websmwinner.com\/it\/wp-json\/wp\/v2\/estado_vehiculo?post=1251"},{"taxonomy":"ubicacion_vehiculo","embeddable":true,"href":"https:\/\/campermax.websmwinner.com\/it\/wp-json\/wp\/v2\/ubicacion_vehiculo?post=1251"},{"taxonomy":"seccion-vehiculo","embeddable":true,"href":"https:\/\/campermax.websmwinner.com\/it\/wp-json\/wp\/v2\/seccion-vehiculo?post=1251"}],"curies":[{"name":"wp","href":"https:\/\/api.w.org\/{rel}","templated":true}]}}

<p class="wp-block-paragraph">CARADO T348 130CV</p>



<p class="wp-block-paragraph">Autocaravana perfilada Carado T348 matriculada en mayo de 2011, equipada con motor diésel de 130 CV y cambio manual. Cuenta con 75.000 km y está homologada para que viajen y duerman cuatro personas.</p>



<p class="wp-block-paragraph">Con 6,93 metros de longitud y 2,33 metros de anchura, ofrece una distribución interior funcional y confortable. Dispone de cama francesa, cama suspendida sobre el comedor, asientos delanteros giratorios, comedor con mesa plegable, cocina, frigorífico con congelador y baño con ducha interior.</p>



<p class="wp-block-paragraph">También cuenta con placa solar de 200 W, batería auxiliar AGM, ventilador MaxxFan en el dormitorio, calefacción Truma, agua caliente, cámara trasera, portabicicletas y toldo Thule.</p>



<p class="wp-block-paragraph">El kit de distribución fue sustituido en 2023, cuando el vehículo tenía 60.000 km.</p>



<p class="wp-block-paragraph">PRECIO Y FINANCIAMIENTO</p>



<p class="wp-block-paragraph">Precio financiado: 49.900 €<br>Precio al contado: 49.900 €</p>



<p class="wp-block-paragraph">Aportando una entrada de 9.900 €, puedes financiar los 40.000 € restantes desde 637,09 €/mes.</p>



<p class="wp-block-paragraph">CONDICIONES DE VENTA</p>



<p class="wp-block-paragraph">¿Compras desde otra isla? Te recibimos en el aeropuerto y te llevamos directamente hasta tu nuevo coche o autocaravana.</p>



<p class="wp-block-paragraph">Non effettuiamo vendite nella Spagna continentale.</p>



<p class="wp-block-paragraph">El vehículo se entrega revisado y con su equipamiento real, salvo error tipográfico.</p>
